mmon divisor of i and 84.
12
Let i(y) = y + 3. Let u be i(6). Suppose 535 = 9*s + 49. What is the greatest common factor of s and u?
9
Let o = -2 + 0. Let a = o - -2. Suppose a = -2*x - 3*x + 350. What is the greatest common divisor of x and 10?
10
Let w = -1 + 3. Let v be ((-956)/6)/(w/(-6)). Suppose -4*m + 0*c + c = -v, -4*m - 4*c = -468. Calculate the highest common divisor of m and 17.
17
Let s = -109 + 130. Calculate the highest common factor of s and 147.
21
Let x be 3 - 0 - (2 + 0). Let k be 3 + 4/(2 + -6). Suppose k*o = 3 + 5. Calculate the greatest common factor of x and o.
1
Let y = -7 - -11. Let v(f) = 6*f - 52. Let z be v(14). Calculate the highest common divisor of z and y.
4
Let c = 3 - 1. Suppose 0 = -c*s - 3*s + 605. Calculate the greatest common divisor of 11 and s.
11
Let a = -43 - -70. Calculate the greatest common divisor of a and 9.
9
Suppose 2 = h - 3*h. Let r be h*22/(-3 + 1). What is the greatest common divisor of r and 11?
11
Suppose -30 = -5*f + w - 6*w, -2*f - 5*w = -18. Suppose -s = -0*s - f. Calculate the highest common factor of s and 10.
2
Suppose 90 = 2*j + 3*j. Let g = -9 + j. Calculate the highest common factor of 9 and g.
9
Let o be 16*(5/2)/5. Suppose 2*j = -j + 12. Suppose j*v = 5*v - o. What is the greatest common divisor of 32 and v?
8
Suppose -9*k + 42 = -6*k. Let v be 206/3 - (-1)/3. Let y be v - ((4 - 2) + -3). What is the highest common divisor of y and k?
14
Let t be (4 - 3 - (13 - 2))*-28. What is the highest common factor of t and 35?
35
Suppose -16 = -4*i, 6*l - 2*l = 3*i + 24. Calculate the highest common divisor of l and 9.
9
Let d(h) = -1 + 3 + 1 - 10*h. Let r be d(-6). Suppose f = -16 + 23. What is the highest common factor of f and r?
7
Let q = 21 + -20. Calculate the greatest common factor of q and 7.
1
Let x = -599 + 371. Let a = x + 338. What is the greatest common divisor of a and 10?
10
Let u be -3*-3*30/27. Let z(y) = -y**3 - 5*y**2 - 6*y - 5. Let b be z(-5). Let n = -5 + b. What is the greatest common divisor of u and n?
10
Let i = 2 + 2. Calculate the greatest common divisor of 24 and i.
4
Suppose -4 = 5*j - 104. Let f = -15 - -33. Let d = f + j. What is the highest common factor of d and 19?
19
Let j be (1 - -1) + 0 + 5 + 73. Suppose -9 = -3*t + 24. Let q be t + (1 - (2 - 0)). What is the highest common divisor of j and q?
10
Let j = -100 + 243. What is the greatest common factor of j and 13?
13
Suppose -3*n + 2*s - 26 = -7*n, 0 = 2*n - 2*s - 22. Calculate the highest common divisor of 24 and n.
8
Let k(n) = 4*n**2 - n + 2. Let u be k(-2). Calculate the greatest common factor of u and 5.
5
Let r be 5 - -2*105/6. Calculate the highest common factor of 80 and r.
40
Let y be (-10)/(-45) - 75/(-27). Suppose 0 = -5*p - 4*c + 120, -y*c - 39 - 57 = -4*p. Calculate the greatest common factor of p and 216.
24
Let a = -91 + 191. Calculate the greatest common divisor of a and 25.
25
Let i(l) = -3*l**2 - 1 + 3*l + 8*l**2 + 3 + 5*l**2. Let w be i(-2). Calculate the highest common factor of w and 24.
12
Let b be 118 + 1/2*2. Suppose n + 38 = 2*g, 4*n + n - 14 = -2*g. Calculate the highest common divisor of b and g.
17
Let r(p) = -p - 5. Let u be r(-7). Let q be -4*u/(16/(-140)). Let v be 21*(-3*1)/(-9). Calculate the greatest common factor of q and v.
7
Let o(p) = 2*p + 22. Let w be o(18). What is the greatest common factor of 29 and w?
29
Suppose 2*y - 43 = 157. Calculate the highest common factor of 20 and y.
20
Let b = -3 - -5. Let u(c) = -10*c - 38. Let t be u(-6). What is the greatest common divisor of b and t?
2
Let j be 4069/65 + 4/10. What is the greatest common factor of 9 and j?
9
Let l(z) = z + 12. Let n be l(4). What is the highest common divisor of n and 16?
16
Suppose -r = -5*n + 20, -8 + 3 = n - 2*r. Calculate the highest common divisor of 40 and n.
5
Let y(i) = -i**2 - 15*i - 6. Let b be y(-8). Let p be (-2442)/(-21) - 4/14. Let o be (-10)/(-15) - p/(-6). Calculate the greatest common divisor of b and o.
10
Suppose -2*m + 6 - 4 = 0. Let z be 2/(((-2)/(-12))/m). Suppose 0 = v + v - 36. What is the highest common divisor of z and v?
6
Let b be (-14)/49 + 1684/14. Let t(l) = 13*l - 1. Let s be t(1). Calculate the greatest common factor of b and s.
12
Let c = -145 + 233. Let m be (-42)/(-4) + 1/2. Calculate the greatest common divisor of c and m.
11
Suppose 0 = -5*h - 8 + 38. Let w(f) = f**2 - 5*f. Let m be w(h). Calculate the highest common factor of 18 and m.
6
Suppose 0*h = h - 98. Let t(n) = 3*n**2 - 18*n - 7. Let s be t(7). Calculate the greatest common divisor of s and h.
14
Let v be (135/2)/(6/8). Let o(i) = -i**2 + 9*i - 4. Suppose -3*g = -5*g + 14. Let x be o(g). Calculate the highest common divisor of v and x.
10
Let x be -1 - -13 - (-1 + -1). Suppose -p = -x - 0. Calculate the greatest common divisor of p and 2.
2
Let l be (-6)/8*(-36)/3. Suppose l = -4*v + 89. Suppose -2*b + 150 = j, -3*b - 2*b + 295 = 2*j. Calculate the highest common divisor of v and j.
20
Let w be ((-74)/(-8) + -8)/((-1)/(-20)). Calculate the highest common factor of w and 5.
5
Suppose -4*f - 17 + 5 = 0, 5*f + 39 = 2*c. Calculate the greatest common divisor of 84 and c.
12
Let b(i) = -2*i + 3*i + 70 - i**2 + 0*i. Let x be b(0). What is the greatest common factor of 10 and x?
10
Suppose 0 = 11*i - 7*i - 56. Let c = i + -10. What is the highest common divisor of 1 and c?
1
Let v(m) = -m + 28. Let i be v(0). What is the greatest common factor of i and 70?
14
Let j = 346 - 60. What is the greatest common factor of 26 and j?
26
Suppose -4*k = -p + 163, p + 0*k - 147 = -4*k. Calculate the greatest common factor of 31 and p.
31
Let b be (2/(-4)*3)/(6/(-48)). What is the greatest common divisor of 60 and b?
12
Let w(z) = -z**3 + 2*z**2 + 4*z + 5. Let h be w(3). Calculate the highest common factor of 88 and h.
8
Suppose -63 = -j - 0*j. Suppose -3*a = -4*a + j. What is the greatest common divisor of 42 and a?
21
Let a(f) = f**3 + 7*f**2 + 6*f - 4. Let c be 38/(-8) - (-1)/(-4). Let k be a(c). Calculate the greatest common divisor of 24 and k.
8
Suppose 4*u - 2*u - 6 = 0. Let j(i) = -4*i + 1. Let y be j(-5). What is the greatest common factor of u and y?
3
Suppose x - 3*x = -260. Calculate the greatest common factor of 52 and x.
26
Let z = -41 + 52. What is the greatest common factor of z and 55?
11
Let t(d) = d**3 - 6*d**2 + 3*d + 9. Let r be t(4). Let l = r + 18. Calculate the highest common factor of l and 63.
7
Suppose -23 = -5*h - 8. Calculate the highest common divisor of 1 and h.
1
Suppose -4*o - 872 = -4*g, -6*o - 652 = -3*g - 4*o. Calculate the greatest common divisor of 27 and g.
27
Let z be (-12)/(-10) + 2/(-10) - -7. What is the highest common divisor of z and 72?
8
Let s = 14 + 4. What is the greatest common divisor of 36 and s?
18
Let p = 20 + -34. Let t = -6 - p. What is the greatest common divisor of t and 8?
8
Suppose 2*b - 1 = 5*o + 29, -4*b = o - 16. Suppose 0 = -5*z - 4*t + t + b, -16 = z + 4*t. Let s = 0 + 2. What is the greatest common factor of s and z?
2
Let c = 13 + 7. Let o = c + -11. What is the highest common factor of o and 72?
9
Suppose 4*g - h - 4*h - 1554 = 0, 6 = -3*h. Suppose 5*a = 7*t - 3*t - g, a = -3*t + 299. Calculate the highest common divisor of t and 9.
9
Let a(p) = -p + 16. Let i be a(0). What is the greatest common divisor of 2 and i?
2
Suppose 2*w - 28 = -2*x, -4*x = -7*x + w + 58. What is the highest common factor of 162 and x?
18
Suppose 13 = 3*a - 14. What is the highest common divisor of 45 and a?
9
Let o be (-130 + -10)*1/(-2). Suppose s - o = -7. What is the highest common factor of s and 7?
7
Let l = -25 - -44. What is the greatest common divisor of l and 171?
19
Let w(g) = 7*g + 2. Let q be w(5). Calculate the highest common factor of q and 111.
37
Suppose 15 = 24*o - 19*o. Suppose 67 = o*h - 53. What is the greatest common factor of 5 and h?
5
Let u(s) = -s - 15*s**2 + 16*s**2 - 4*s. Let y be u(7). What is the highest common divisor of 42 and y?
14
Suppose 4*t = 5*i - i + 20, 3*i = -4*t - 8. Suppose 4*h + 31 = 2*c + h, 4*c = -4*h + 32. Let k = t + c. Calculate the greatest common divisor of k and 24.
12
Let q = 440 + -279. Let f = q - 109. Suppose 0 = 2*x + 2*v - 16, -v = 4*x - 2*v - 57. Calculate the highest common factor of x and f.
13
Let u be 16/((-16)/(-